atest common divisor of b and w.
24
Let x = 73 - 49. Let b = 270 - 222. What is the greatest common factor of x and b?
24
Suppose -2*n = 4*c - 169 + 65, -5*n = -5*c + 145. Suppose -5*k = 0, 2*p - 4*k = -0*k + 90. Let a = 54 - p. What is the highest common factor of c and a?
9
Let r(k) = -k**3 - 10*k**2 - 8*k. Let l be r(-8). Let h be (-15)/((-4)/(l/(-12))). What is the greatest common factor of h and 5?
5
Let n be (2 + -1 - 3) + (-558)/(-6). What is the greatest common divisor of n and 117?
13
Let n be ((-15)/9 - -2)*(10 - 4). Let v = n - -25. Calculate the highest common factor of v and 297.
27
Suppose -4*u - 4*h = 20, 2*u + 5*h = -3 - 1. Let v = -7 - u. Suppose v = -4*n + 31 + 29. What is the greatest common factor of n and 120?
15
Suppose -3*g + 16 = -4*a, 3*g + 2*a = -2*g + 70. Suppose -30*v - 12 = -33*v. What is the greatest common divisor of g and v?
4
Let m(w) = -23*w**3 - 3*w**2 - 4*w - 2. Let b be m(-1). Calculate the greatest common divisor of b and 55.
11
Let j(q) = -118*q - 4. Let k be j(-1). Suppose 34*l = 35*l - k. What is the highest common factor of 19 and l?
19
Let v be ((-8)/(-12))/(1*(-6)/27). Let k(m) = -3*m**3 + m**2 + 3*m - 4. Let n be k(v). Calculate the highest common divisor of 11 and n.
11
Let d be (3/(-3))/(1*(-3)/66). Calculate the highest common divisor of d and 836.
22
Let o = 36 + -22. Let b = -55 + 76. What is the greatest common divisor of b and o?
7
Suppose 3*w = -4*x + 603, 2*w - 158 - 144 = -2*x. Let i be 540/x*10/6. Calculate the greatest common divisor of 9 and i.
3
Let d be 121/6 - (-20)/(-120). What is the greatest common divisor of 110 and d?
10
Suppose -4*w = 5*s - 166, -3*w - 3*s + 124 = s. Suppose -12*t + 451 - 187 = 0. Calculate the highest common divisor of t and w.
22
Let h(a) = a**3 + 4*a**2 - a + 4. Let d be h(-4). Suppose 600 = 11*v - d*v. Calculate the greatest common divisor of 50 and v.
50
Let j = -1 - -9. Let z be j/28 - (-103)/7. Suppose 0 = -11*i + z*i - 88. Calculate the highest common factor of i and 11.
11
Suppose -2*j - 18 = -d, -5*d = 3*j + 18 - 4. Let m = 14 + j. Let f be 90/4*m/5. Calculate the greatest common divisor of 27 and f.
27
Suppose -5*t - a - 8 = -22, 3*a + 3 = 0. Suppose -t*p + 63 = 3*n, 2*p + 5*n - 80 = -2*p. Calculate the highest common divisor of p and 75.
25
Let l(j) = 3*j**3 - 1. Let b be l(1). Suppose b*q = 5*o - 61, q + 3 = -0. Suppose -o = p - 2*p. What is the greatest common divisor of p and 55?
11
Let h be (115/15 - 5)*(-3)/(-1). Let o be 7752/32 - 2/h. Calculate the greatest common factor of o and 22.
22
Suppose -2*c + 10 = 14. Let i be (-45)/27*60/c. Let o = 78 - i. Calculate the greatest common divisor of 7 and o.
7
Suppose -2*j = -4*j + 80. Suppose 2 = h - 0*b - 4*b, -4*h + b = -38. Let o be h - (-1 + 2 + 1). What is the highest common factor of j and o?
8
Suppose 43*o - 300 = 39*o. What is the highest common divisor of o and 100?
25
Let r = 992 + -986. Calculate the greatest common divisor of 8 and r.
2
Let i = -72 - -110. Let a = i + -27. Calculate the greatest common divisor of a and 33.
11
Let l be 9/2 - 6/4. Let q(a) = -3*a - l*a + a - 10. Let r be q(-8). What is the greatest common factor of 20 and r?
10
Let q be (-362)/(-7) + (-2)/(-7). Let z = 613 - 483. Calculate the highest common divisor of z and q.
26
Let r be (19 + -2 - 2)/1. Let u(p) = -p**2 - 8*p - 26. Let l be u(-8). Let x = -20 - l. Calculate the highest common divisor of x and r.
3
Suppose -2*d = m - 1390, 5*m - 3*d - 2*d - 6920 = 0. Suppose -m = -j - 6*j. Calculate the greatest common factor of 22 and j.
22
Let f = -2 - 2. Let u be 15 + (-6)/2 - f. Calculate the highest common divisor of u and 2.
2
Suppose 4*l + 32 - 340 = 0. Suppose 0 = 6*d - 4*d + 2, -3*d + 7 = 5*h. Suppose h*f + f = 33. Calculate the greatest common divisor of l and f.
11
Let o(i) = i**2 + 15*i + 42. Let y be o(-12). What is the greatest common factor of 33 and y?
3
Suppose 0 = 4*i + 35 + 1. Let r = -1 - i. Let p = 53 - 13. What is the greatest common divisor of p and r?
8
Suppose m = -2*m + 231. Let g(v) = v**3 + 8*v**2 - v - 6. Let x be g(-8). Let c = x - -5. What is the greatest common divisor of c and m?
7
Suppose 0 = n + 3, -29*l + 3*n = -32*l + 36. Let k = -13 - -5. Let r(p) = p**2 + 6*p - 6. Let z be r(k). What is the highest common divisor of l and z?
5
Suppose 13*c - 415 = -142. Let j be (-882)/(-1 + -2)*7/c. Calculate the greatest common factor of 14 and j.
14
Let w = 2484 - 1424. Calculate the greatest common divisor of w and 318.
106
Let x(b) be the second derivative of 7*b**5/20 + b**4/12 - b**3/2 + 2*b**2 - 5*b. Let s be x(2). Calculate the greatest common divisor of s and 145.
29
Let q be -2 + -16 + (-4)/2. Let d = -12 - q. Let t be (-25 + 1)*(61 + -62). What is the greatest common divisor of t and d?
8
Let y be ((-4)/(-5))/(2 + (-209)/110). What is the highest common divisor of y and 72?
8
Let q = -73 + -1. Let n = 85 + q. What is the highest common factor of 55 and n?
11
Let n(a) = a**2 - 5*a + 5. Let d be n(4). Suppose 168 = -10134*j + 10158*j. What is the greatest common divisor of d and j?
1
Let j(s) = s**2 + 23. Let d be j(0). Let m be 84/(-3)*2*69/(-24). What is the greatest common factor of d and m?
23
Suppose 276 = 3*z + 4*d, 3*z = 3*d - 6*d + 276. What is the greatest common factor of z and 115?
23
Suppose -m + 3*k = -11, -6*m + 4*k = -7*m + 18. Calculate the greatest common divisor of m and 4.
2
Suppose -12*z + 1221 = 1113. What is the greatest common divisor of 96 and z?
3
Let r be 3 + 0 + 1 + 7. Let t = 91 - 47. Let z be 2/(-1)*t/(-8). What is the greatest common factor of r and z?
11
Let p = 1321 + -859. Calculate the highest common factor of p and 385.
77
Let x = 109 + -130. Let y = x + 46. Calculate the highest common divisor of y and 100.
25
Let x = 618 - 553. Let o be (-4)/(4 + -2) - -6. Suppose -o*y + 57 = -47. Calculate the greatest common divisor of x and y.
13
Let p(x) = -x**3 + 6*x**2 + 17*x + 6. Suppose -4*q = -3*a - 3*q + 26, -2*q = 3*a - 20. Let b be p(a). Calculate the highest common factor of b and 70.
14
Suppose 619 = 8*i - 221. Let s(p) = 2*p**3 + 3*p**2 - p + 1. Let h be s(2). Let u = i + h. Calculate the highest common factor of 12 and u.
12
Let t = -94 - -134. Let v(a) = 4*a**2 - 4. Let z be v(4). Calculate the highest common factor of t and z.
20
Let n be (8 + 44/(-8))*37*2. Calculate the highest common factor of 37 and n.
37
Suppose 3*f - 37 = 185. What is the highest common divisor of 185 and f?
37
Suppose 15*k - 104 = 13*k. Suppose 3*i - 37 = 5*g + 27, -2*i - g + 21 = 0. Calculate the highest common divisor of i and k.
13
Suppose -9 = -3*n + 2*n. Let z = 188 + -178. Suppose z*u - 5*u = -g + 86, -u + 244 = 3*g. What is the highest common factor of n and g?
9
Suppose -4*t - t + 60 = 0. Let h = -29 - -90. Let s = h - 49. What is the highest common factor of t and s?
12
Let q = 1679 - 995. Calculate the greatest common factor of 36 and q.
36
Suppose 4*j + 8*w - 121 = 7*w, -2*w = -2. Let v be (-18 - 1 - 0) + -1. Let q = j + v. What is the highest common factor of q and 2?
2
Let p(v) = -v**2 + 66*v + 875. Let z be p(77). Suppose -2*n = 5*q - 30 - 12, -2*n = 2*q - 18. Calculate the greatest common divisor of q and z.
4
Let l(s) = 2*s - 6. Let h(n) = -3 + n + 0 + 2*n - 2*n. Let f(u) = 5*h(u) - 2*l(u). Let d be f(8). What is the greatest common divisor of 2 and d?
1
Suppose -105 = -4*q - 9. Suppose -513*j = -520*j + 21. Calculate the greatest common factor of q and j.
3
Suppose -667*g + 39 = -664*g. Let j(y) = -y**3 + 8*y**2 - 5*y + 2. Let f be j(5). What is the greatest common factor of g and f?
13
Let w = -337 - -340. Calculate the highest common factor of 39 and w.
3
Suppose -5*f - 4*o + 14 = 3, -4*o = f + 1. Suppose -2*n - 2*w = -44, -48 = -f*n + 6*w - 3*w. What is the highest common divisor of 19 and n?
19
Suppose 7429 = -28*f + 45*f. Calculate the greatest common divisor of f and 23.
23
Suppose 10 = -4*t + 9*t. What is the highest common factor of t and 12?
2
Let o = 27 - 24. Let j be o + -3 + 4 + 60. Suppose 0*r - 3*r - 2*l = -j, 0 = -r - 4*l + 8. Calculate the greatest common factor of r and 60.
12
Suppose 8*s - s - 840 = 0. Let d be 157/7 + 3 + s/(-35). What is the greatest common factor of d and 2?
2
Let x = 33 - 38. Let l = 10 - x. What is the greatest common f